1101000010 (base 2) to base 16.
342
Convert -255500 (base 6) to base 2.
-101101011111100
10030 (base 5) to base 10
640
Convert 112322 (base 5) to base 15.
1327
What is -330103 (base 4) in base 10?
-3859
What is -2a1 (base 11) in base 9?
-432
What is -30 (base 12) in base 3?
-1100
207 (base 12) to base 8
447
Convert 120b (base 15) to base 10.
3836
8421 (base 13) to base 10
18279
729 (base 11) to base 2
1101101110
34454 (base 7) to base 9
13068
-331021 (base 6) to base 4
-12230311
What is 60a (base 15) in base 14?
6d2
What is -100021002 (base 3) in base 16?
-1a60
What is 1027 (base 15) in base 16?
d54
What is 23100 (base 4) in base 7?
2046
Convert -2121000000 (base 3) to base 5.
-3113110
-1440 (base 5) to base 16
-f5
Convert 245 (base 7) to base 9.
155
What is 142 (base 6) in base 12?
52
Convert a65 (base 15) to base 11.
1842
112112011 (base 3) to base 14
3c04
What is 7627 (base 14) in base 5?
1123134
What is 3064 (base 10) in base 7?
11635
What is 13264 (base 7) in base 15?
10d4
567 (base 16) to base 3
1220020
Convert -12366 (base 11) to base 6.
-214042
Convert 1000010 (base 2) to base 10.
66
What is 1001111111111111 (base 2) in base 15?
c209
-c23 (base 16) to base 7
-12026
24882 (base 11) to base 8
105520
Convert -1124 (base 7) to base 12.
-2a2
Convert -6742 (base 8) to base 9.
-4778
Convert -13313 (base 8) to base 9.
-8003
What is -32136 (base 7) in base 14?
-2c8d
What is -2876 (base 11) in base 16?
-e81
-269b (base 13) to base 16
-15a0
Convert -13e (base 16) to base 3.
-102210
14763 (base 9) to base 15
2ed6
330325 (base 6) to base 3
1101111122
-608 (base 16) to base 7
-4334
What is 110011000 (base 2) in base 7?
1122
What is 3a41 (base 11) in base 15?
184d
Convert -7b24 (base 14) to base 9.
-32313
-41082 (base 9) to base 12
-1379b
What is -45410 (base 7) in base 3?
-120210202
What is -2445 (base 8) in base 5?
-20232
Convert -64ac (base 15) to base 16.
-5340
120002122 (base 3) to base 4
2223332
Convert -36db (base 16) to base 15.
-4263
-492 (base 15) to base 6
-4445
Convert -1278 (base 10) to base 7.
-3504
-4013231 (base 5) to base 15
-13c7b
What is -9682 (base 10) in base 13?
-453a
What is c3b (base 15) in base 16?
ac4
Convert -1512 (base 16) to base 7.
-21504
What is -17473 (base 8) in base 14?
-2cb1
Convert -363 (base 11) to base 2.
-110110000
253 (base 15) to base 7
1353
What is -2121212 (base 3) in base 6?
-12505
283 (base 11) to base 8
515
38a (base 13) to base 16
26d
What is 4298 (base 10) in base 5?
114143
Convert -20002220 (base 3) to base 8.
-10544
What is 20c (base 16) in base 12?
378
-13103031 (base 4) to base 12
-15379
Convert -883 (base 9) to base 13.
-438
Convert 2c96 (base 14) to base 8.
17444
Convert 159 (base 12) to base 8.
325
Convert -1947 (base 10) to base 7.
-5451
Convert 14806 (base 10) to base 3.
202022101
Convert a83 (base 11) to base 4.
110111
Convert -1e3 (base 15) to base 8.
-666
What is 19d23 (base 14) in base 10?
65691
Convert 1021022100 (base 3) to base 16.
61b3
Convert 1571 (base 8) to base 10.
889
Convert 767 (base 12) to base 8.
2077
What is -44b (base 14) in base 16?
-353
Convert 71 (base 13) to base 9.
112
Convert 2a1 (base 11) to base 8.
541
Convert 151205 (base 6) to base 10.
14549
-1327 (base 11) to base 3
-2100211
What is 2a79 (base 11) in base 13?
1a56
Convert 1001111100111101 (base 2) to base 12.
1b711
1063 (base 13) to base 8
4346
2a13a (base 11) to base 3
2011122120
374 (base 12) to base 3
201021
What is 1963 (base 14) in base 8?
10763
What is 2802 (base 11) in base 5?
104012
-1100101111 (base 2) to base 7
-2243
Convert a817 (base 11) to base 13.
6679
2492 (base 10) to base 2
100110111100
-451f (base 16) to base 7
-102406
What is 699 (base 10) in base 4?
22323
What is -12000002 (base 3) in base 4?
-320333
Convert 1110010001 (base 2) to base 6.
4121
What is 1034 (base 6) in base 11?
1a7
What is -100210021 (base 3) in base 15?
-21aa
What is -1241 (base 11) in base 2?
-11001010010
What is -2cb4 (base 15) in base 3?
-111012021
-2772 (base 9) to base 13
-c4a
6bb (base 15) to base 16
5f6
What is -3b0c (base 15) in base 7?
-51525
What is 171 (base 12) in base 9?
274
-12011 (base 6) to base 11
-1338
-150 (base 6) to base 10
-66
What is -1379 (base 13) in base 12?
-1758
-1022001 (base 4) to base 11
-3617
a250 (base 13) to base 10
22373
What is -4203 (base 5) in base 11?
-463
Convert -3411 (base 6) to base 5.
-11144
What is -4402 (base 8) in base 16?
-902
Convert 78a (base 14) to base 15.
699
Convert f8 (base 16) to base 8.
370
-17d3 (base 15) to base 5
-131043
What is 101010010111 (base 2) in base 11?
2045
What is -1b5 (base 15) in base 2?
-110001011
What is 19b3 (base 12) in base 16?
c57
-5b5 (base 13) to base 3
-1100210
c1 (base 14) to base 13
100
-2732 (base 16) to base 2
-10011100110010
Convert -30003 (base 4) to base 16.
-303
-3753 (base 11) to base 6
-34402
Convert ea0 (base 16) to base 3.
12010200
-10200211 (base 3) to base 15
-bea
Convert -1445 (base 6) to base 16.
-185
-4255 (base 6) to base 4
-33023
-100000 (base 2) to base 11
-2a
Convert -1201212 (base 3) to base 2.
-10011110001
-10020010 (base 3) to base 4
-210300
24827 (base 10) to base 7
132245
270 (base 11) to base 14
18b
What is 367 (base 14) in base 8?
1247
6455 (base 10) to base 13
2c27
What is 67425 (base 8) in base 7?
145623
Convert -d01 (base 16) to base 8.
-6401
Convert 130a (base 11) to base 13.
a11
Convert 110a (base 15) to base 16.
e1a
25100 (base 6) to base 16
e7c
What is -1120222222 (base 3) in base 12?
-16182
What is -26340 (base 9) in base 3?
-220101100
What is -32455 (base 7) in base 8?
-17675
Convert d0b (base 16) to base 8.
6413
272a (base 15) to base 14
3097
-1302 (base 4) to base 6
-310
Convert 5636 (base 7) to base 3.
2210102
What is -25605 (base 11) in base 5?
-2133133
What is 5e (base 15) in base 6?
225
What is 88b4 (base 12) in base 7?
62026
What is -1382 (base 11) in base 15?
-7de
What is -3ac (base 14) in base 12?
-518
Convert -46581 (base 9) to base 8.
-74570
Convert 2602 (base 7) to base 5.
12412
What is 3b3 (base 13) in base 16?
28d
-17251 (base 8) to base 12
-4661
-100431 (base 7) to base 4
-10022001
What is -6338 (base 11) in base 9?
-12452
10111112212 (base 3) to base 7
404645
Convert -2ba (base 13) to base 5.
-3431
-2020 (base 4) to base 8
-210
Convert 7672 (base 10) to base 7.
31240
Convert -71 (base 12) to base 9.
-104
Convert d8d (base 14) to base 8.
5161
124c (base 13) to base 12
1607
What is 11003 (base 8) in base 12?
2803
What is 6807 (base 16) in base 15?
7d56
56c (base 13) to base 14
4ab
What is 10011000100 (base 2) in base 16?
4c4
What is -2432 (base 5) in base 3?
-111121
Convert -41 (base 6) to base 5.
-100
Convert 1ab1 (base 13) to base 12.
23bb
-13ab (base 15) to base 11
-3189
-43003 (base 9) to base 7
-145620
Convert -211012222 (base 3) to base 13.
-74b1
Convert 11112121 (base 3) to base 15.
eaa
Convert -10110010000 (base 2) to base 3.
-1221202
Convert -45623 (base 7) to base 3.
-120221202
Convert -117 (base 11) to base 16.
-8b
Convert -382 (base 11) to base 6.
-2033
What is 1261 (base 7) in base 16?
1e4
What is -54566 (base 8) in base 10?
-22902
-c4b (base 16) to base 10
-3147
What is -2116 (base 7) in base 16?
-2ec
What is -90 (base 10) in base 16?
-5a
443 (base 8) to base 2
100100011
What is -9b7 (base 15) in base 13?
-1000
Convert 3134 (base 8) to base 16.
65c
Convert -643 (base 7) to base 16.
-145
Convert 351 (base 8) to base 9.
278
What is -10000010001 (base 2) in base 8?
-2021
Convert 101201221 (base 3) to base 11.
5977
-54d (base 16) to base 5
-20412
Convert 107 (base 15) to base 6.
1024
-3499 (base 12) to base 16
-16f5
Convert -2404 (base 5) to base 3.
-111010
What is 12011110 (base 3) in base 14?
152d
2211a (base 14) to base 7
462433
22103 (base 4) to base 2
1010010011
What is -223b (base 15) in base 13?
-33c2
81 (base 9) to base 7
133
What is -14011 (base 5) in base 4?
-101223
1111001100110 (base 2) to base 13
3708
What is -e68 (base 16) in base 12?
-2174
What is -10101101010110 (base 2) in base 5?
-323334
What is ba (base 12) in base 11?
11a
Convert 1100100000010111 (base 2) to base 16.
c817
Convert 150 (base 12) to base 13.
129
Convert 22a (base 12) to base 16.
142
What is 17 (base 12) in base 5?
34
What is -d6 (base 16) in base 2?
-11010110
Convert -831 (base 14) to base 16.
-64b
W